{"id":339,"date":"2018-11-29T11:37:51","date_gmt":"2018-11-29T10:37:51","guid":{"rendered":"https:\/\/www.vsdoberdob.it\/?page_id=339"},"modified":"2018-11-29T11:37:51","modified_gmt":"2018-11-29T10:37:51","slug":"informativni-sestanki-za-vpis-2018-2019","status":"publish","type":"page","link":"https:\/\/vsdoberdob.edu.it\/sl\/informativni-sestanki-za-vpis-2018-2019\/","title":{"rendered":"Informativni sestanki za vpis 2023\/2024"},"content":{"rendered":"<hr \/>\n<h3 style=\"text-align: center;\"><span style=\"color: #ff0000;\"><b>VPISI V VRTCE IN \u0160OLE\u00a0ZA \u0160OLSKO LETO 2023\/24\u00a0<\/b><\/span><\/h3>\n<h3 style=\"text-align: center;\"><span style=\"color: #ff0000;\"><b>BODO POTEKALI<\/b><\/span><\/h3>\n<h3 style=\"text-align: center;\"><span style=\"color: #ff0000;\"><b>OD 9. DO 30. JANUARJA 2023<\/b><b>\u00a0<\/b><\/span><\/h3>\n<p>&nbsp;<\/p>\n<p>&nbsp;<\/p>\n<h2 style=\"text-align: center;\"><span style=\"color: #000080;\"><b>\u0160OLA PRIREJA\u00a0<\/b><\/span><\/h2>\n<h2 style=\"text-align: center;\"><span style=\"color: #000080; font-size: 36pt;\"><b>INFORMATIVNE SESTANKE ZA STAR\u0160E<\/b><\/span><\/h2>\n<p>&nbsp;<\/p>\n<p style=\"text-align: left;\"><span style=\"font-weight: 400; font-size: 14pt;\">\u0160ola prireja informative sestanke za dru\u017eine otrok, ki bodo v naslednjem \u0161olskem letu obiskovali prvi letnik otro\u0161kega vrtca oziroma prvi razred osnovne ali ni\u017eje srednje \u0161ole.<\/span><\/p>\n<p style=\"text-align: left;\"><span style=\"font-weight: 400; font-size: 14pt;\">Ravnateljica in u\u010ditelji bodo star\u0161em predstavili zna\u010dilnosti vzgojnega, didakti\u010dnega \u00a0in organizacijskega modela vrtcev, osnovnih in srednjih \u0161ol, ki delujejo v sklopu Ve\u010dstopenjske \u0161ole Doberdob.<\/span><\/p>\n<h2><\/h2>\n<p>&nbsp;<\/p>\n<h2 style=\"text-align: center;\"><span style=\"font-weight: 400; color: #3366ff; font-size: 24pt;\">OTRO\u0160KI VRTEC<\/span><\/h2>\n<p style=\"text-align: center;\"><span style=\"color: #ff0000; font-size: 14pt;\"><b>Vrtec \u010cri\u010dek<\/b><\/span><\/p>\n<p style=\"text-align: center;\"><span style=\"font-size: 14pt;\"><b>SREDA, 14. DECEMBER 2022, OB 16.30\u00a0<\/b><\/span><\/p>\n<p style=\"text-align: center;\"><span style=\"font-weight: 400; font-size: 14pt;\">na sede\u017eu vrtca<\/span><\/p>\n<p style=\"text-align: center;\"><span style=\"font-weight: 400; font-size: 14pt;\">Mu\u010deni\u0161ka ulica,10, Doberdob<\/span><\/p>\n<p>&nbsp;<\/p>\n<p style=\"text-align: center;\"><span style=\"color: #ff0000; font-size: 14pt;\"><b>Vrtec Bar\u010dica (Romjan in Ronke)<\/b><\/span><\/p>\n<p style=\"text-align: center;\"><span style=\"font-size: 14pt;\"><b>PONEDELJEK, 12. DECEMBER 2022, OB 17.00 URI<\/b><\/span><\/p>\n<p style=\"text-align: center;\"><span style=\"font-weight: 400; font-size: 14pt;\">na sede\u017eu vrtca<\/span><\/p>\n<p style=\"text-align: center;\"><span style=\"font-weight: 400; font-size: 14pt;\">ulica Campi, 2 &#8211; 4, Ronke<\/span><\/p>\n<p>&nbsp;<\/p>\n<p style=\"text-align: center;\"><span style=\"color: #ff0000; font-size: 14pt;\"><b>Vrtec \u010cira \u010cara in Vrtec \u017div \u017dav<\/b><\/span><\/p>\n<p style=\"text-align: center;\"><span style=\"font-size: 14pt;\"><b>TOREK, 13. DECEMBER 2022, OB 17.30<\/b><\/span><\/p>\n<p style=\"text-align: center;\"><span style=\"font-weight: 400; font-size: 14pt;\">na sede\u017eu vrtca<\/span><\/p>\n<p style=\"text-align: center;\"><span style=\"font-weight: 400; font-size: 14pt;\">\u0160tradalta, 1, Sovodnje ob So\u010di<\/span><\/p>\n<h2><\/h2>\n<h2><\/h2>\n<p>&nbsp;<\/p>\n<p>&nbsp;<\/p>\n<p>&nbsp;<\/p>\n<p>&nbsp;<\/p>\n<h2><\/h2>\n<h2 style=\"text-align: center;\"><span style=\"font-weight: 400; color: #3366ff; font-size: 24pt;\">OSNOVNA \u0160OLA<\/span><\/h2>\n<p style=\"text-align: center;\"><span style=\"color: #ff0000; font-size: 14pt;\"><b>Osnovna \u0161ola \u201cPre\u017eihov Voranc\u201d<\/b><\/span><\/p>\n<p style=\"text-align: center;\"><span style=\"font-size: 14pt;\"><b>SREDA, 7. DECEMBER 2022, OB 17.30\u00a0<\/b><\/span><\/p>\n<p style=\"text-align: center;\"><span style=\"font-weight: 400; font-size: 14pt;\">na sede\u017eu \u0161ole<\/span><\/p>\n<p style=\"text-align: center;\"><span style=\"font-weight: 400; font-size: 14pt;\">Trg sv. Martina,1, Doberdob<\/span><\/p>\n<p>&nbsp;<\/p>\n<p style=\"text-align: center;\"><span style=\"color: #ff0000; font-size: 14pt;\"><b>Osnovna \u0161ola na Vrhu\u00a0<\/b><\/span><\/p>\n<p style=\"text-align: center;\"><span style=\"font-size: 14pt;\"><b>TOREK, 6. DECEMBER 2022, OB 15.00 URI\u00a0<\/b><\/span><\/p>\n<p style=\"text-align: center;\"><span style=\"font-weight: 400; font-size: 14pt;\">na sede\u017eu \u0161ole<\/span><\/p>\n<p style=\"text-align: center;\"><span style=\"font-weight: 400; font-size: 14pt;\">Bre\u017ei\u010di, 2, Vrh, Sovodnje ob So\u010di<\/span><\/p>\n<p>&nbsp;<\/p>\n<p style=\"text-align: center;\"><span style=\"color: #ff0000; font-size: 14pt;\"><b>Osnovna \u0161ola \u201cPeter Butkovi\u010d-Domen\u201d<\/b><\/span><\/p>\n<p style=\"text-align: center;\"><span style=\"font-size: 14pt;\"><b>PONEDELJEK, 12. DECEMBER 2022, OB 17.30<\/b><\/span><\/p>\n<p style=\"text-align: center;\"><span style=\"font-weight: 400; font-size: 14pt;\">na sede\u017eu \u0161ole<\/span><\/p>\n<p style=\"text-align: center;\"><span style=\"font-weight: 400; font-size: 14pt;\">Prvomajska ulica, 69, Sovodnje ob So\u010di<\/span><\/p>\n<p>&nbsp;<\/p>\n<p style=\"text-align: center;\"><span style=\"color: #ff0000; font-size: 14pt;\"><b>Osnovna \u0161ola \u201cLjubka \u0160orli\u201d<\/b><\/span><\/p>\n<p style=\"text-align: center;\"><span style=\"font-size: 14pt;\"><b>SREDA, 14. DECEMBER 2022, OB 17.30\u00a0<\/b><\/span><\/p>\n<p style=\"text-align: center;\"><span style=\"font-weight: 400; font-size: 14pt;\">na sede\u017eu \u0161ole<\/span><\/p>\n<p style=\"text-align: center;\"><span style=\"font-weight: 400; font-size: 14pt;\">ulica Capitello, 8, Romjan, Ronke<\/span><\/p>\n<h2><\/h2>\n<h2><\/h2>\n<h2><\/h2>\n<p>&nbsp;<\/p>\n<h2 style=\"text-align: center;\"><span style=\"font-weight: 400; color: #3366ff; font-size: 24pt;\">PRVOSTOPENJSKA SREDNJA \u0160OLA<\/span><\/h2>\n<p style=\"text-align: center;\"><span style=\"font-size: 14pt;\"><b>PETEK, 16. DECEMBER 2022, OB 17.30\u00a0<\/b><\/span><\/p>\n<p style=\"text-align: center;\"><span style=\"font-weight: 400; font-size: 14pt;\">na sede\u017eu \u0161ole<\/span><\/p>\n<p style=\"text-align: center;\"><span style=\"font-weight: 400; font-size: 14pt;\">Trg sv. Martina, 4, Doberdob<\/span><\/p>\n<p style=\"text-align: center;\"><span style=\"font-size: 14pt;\"><b>ZA DODATNE INFORMACIJE LAHKO POKLI\u010cETE NA \u0160TEVILKO 0481 784742<\/b><\/span><\/p>\n<p style=\"text-align: center;\">\n","protected":false},"excerpt":{"rendered":"<p>VPISI V VRTCE IN \u0160OLE\u00a0ZA \u0160OLSKO LETO 2023\/24\u00a0 BODO POTEKALI OD 9. DO 30. JANUARJA 2023\u00a0 &nbsp; &nbsp; \u0160OLA PRIREJA\u00a0 INFORMATIVNE SESTANKE ZA STAR\u0160E &nbsp; \u0160ola prireja informative sestanke za dru\u017eine otrok, ki bodo v naslednjem [&hellip;]<\/p>\n","protected":false},"author":5,"featured_media":0,"parent":0,"menu_order":0,"comment_status":"closed","ping_status":"closed","template":"fullpage.php","meta":{"footnotes":""},"tags":[],"class_list":["post-339","page","type-page","status-publish","hentry"],"_links":{"self":[{"href":"https:\/\/vsdoberdob.edu.it\/sl\/wp-json\/wp\/v2\/pages\/339","targetHints":{"allow":["GET"]}}],"collection":[{"href":"https:\/\/vsdoberdob.edu.it\/sl\/wp-json\/wp\/v2\/pages"}],"about":[{"href":"https:\/\/vsdoberdob.edu.it\/sl\/wp-json\/wp\/v2\/types\/page"}],"author":[{"embeddable":true,"href":"https:\/\/vsdoberdob.edu.it\/sl\/wp-json\/wp\/v2\/users\/5"}],"replies":[{"embeddable":true,"href":"https:\/\/vsdoberdob.edu.it\/sl\/wp-json\/wp\/v2\/comments?post=339"}],"version-history":[{"count":0,"href":"https:\/\/vsdoberdob.edu.it\/sl\/wp-json\/wp\/v2\/pages\/339\/revisions"}],"wp:attachment":[{"href":"https:\/\/vsdoberdob.edu.it\/sl\/wp-json\/wp\/v2\/media?parent=339"}],"wp:term":[{"taxonomy":"post_tag","embeddable":true,"href":"https:\/\/vsdoberdob.edu.it\/sl\/wp-json\/wp\/v2\/tags?post=339"}],"curies":[{"name":"wp","href":"https:\/\/api.w.org\/{rel}","templated":true}]}}

<hr />
<h3 style="text-align: center;"><span style="color: #ff0000;"><b>VPISI V VRTCE IN ŠOLE ZA ŠOLSKO LETO 2023/24 </b></span></h3>
<h3 style="text-align: center;"><span style="color: #ff0000;"><b>BODO POTEKALI</b></span></h3>
<h3 style="text-align: center;"><span style="color: #ff0000;"><b>OD 9. DO 30. JANUARJA 2023</b><b> </b></span></h3>
<p>&nbsp;</p>
<p>&nbsp;</p>
<h2 style="text-align: center;"><span style="color: #000080;"><b>ŠOLA PRIREJA </b></span></h2>
<h2 style="text-align: center;"><span style="color: #000080; font-size: 36pt;"><b>INFORMATIVNE SESTANKE ZA STARŠE</b></span></h2>
<p>&nbsp;</p>
<p style="text-align: left;"><span style="font-weight: 400; font-size: 14pt;">Šola prireja informative sestanke za družine otrok, ki bodo v naslednjem šolskem letu obiskovali prvi letnik otroškega vrtca oziroma prvi razred osnovne ali nižje srednje šole.</span></p>
<p style="text-align: left;"><span style="font-weight: 400; font-size: 14pt;">Ravnateljica in učitelji bodo staršem predstavili značilnosti vzgojnega, didaktičnega  in organizacijskega modela vrtcev, osnovnih in srednjih šol, ki delujejo v sklopu Večstopenjske šole Doberdob.</span></p>
<h2></h2>
<p>&nbsp;</p>
<h2 style="text-align: center;"><span style="font-weight: 400; color: #3366ff; font-size: 24pt;">OTROŠKI VRTEC</span></h2>
<p style="text-align: center;"><span style="color: #ff0000; font-size: 14pt;"><b>Vrtec Čriček</b></span></p>
<p style="text-align: center;"><span style="font-size: 14pt;"><b>SREDA, 14. DECEMBER 2022, OB 16.30 </b></span></p>
<p style="text-align: center;"><span style="font-weight: 400; font-size: 14pt;">na sedežu vrtca</span></p>
<p style="text-align: center;"><span style="font-weight: 400; font-size: 14pt;">Mučeniška ulica,10, Doberdob</span></p>
<p>&nbsp;</p>
<p style="text-align: center;"><span style="color: #ff0000; font-size: 14pt;"><b>Vrtec Barčica (Romjan in Ronke)</b></span></p>
<p style="text-align: center;"><span style="font-size: 14pt;"><b>PONEDELJEK, 12. DECEMBER 2022, OB 17.00 URI</b></span></p>
<p style="text-align: center;"><span style="font-weight: 400; font-size: 14pt;">na sedežu vrtca</span></p>
<p style="text-align: center;"><span style="font-weight: 400; font-size: 14pt;">ulica Campi, 2 &#8211; 4, Ronke</span></p>
<p>&nbsp;</p>
<p style="text-align: center;"><span style="color: #ff0000; font-size: 14pt;"><b>Vrtec Čira Čara in Vrtec Živ Žav</b></span></p>
<p style="text-align: center;"><span style="font-size: 14pt;"><b>TOREK, 13. DECEMBER 2022, OB 17.30</b></span></p>
<p style="text-align: center;"><span style="font-weight: 400; font-size: 14pt;">na sedežu vrtca</span></p>
<p style="text-align: center;"><span style="font-weight: 400; font-size: 14pt;">Štradalta, 1, Sovodnje ob Soči</span></p>
<h2></h2>
<h2></h2>
<p>&nbsp;</p>
<p>&nbsp;</p>
<p>&nbsp;</p>
<p>&nbsp;</p>
<h2></h2>
<h2 style="text-align: center;"><span style="font-weight: 400; color: #3366ff; font-size: 24pt;">OSNOVNA ŠOLA</span></h2>
<p style="text-align: center;"><span style="color: #ff0000; font-size: 14pt;"><b>Osnovna šola “Prežihov Voranc”</b></span></p>
<p style="text-align: center;"><span style="font-size: 14pt;"><b>SREDA, 7. DECEMBER 2022, OB 17.30 </b></span></p>
<p style="text-align: center;"><span style="font-weight: 400; font-size: 14pt;">na sedežu šole</span></p>
<p style="text-align: center;"><span style="font-weight: 400; font-size: 14pt;">Trg sv. Martina,1, Doberdob</span></p>
<p>&nbsp;</p>
<p style="text-align: center;"><span style="color: #ff0000; font-size: 14pt;"><b>Osnovna šola na Vrhu </b></span></p>
<p style="text-align: center;"><span style="font-size: 14pt;"><b>TOREK, 6. DECEMBER 2022, OB 15.00 URI </b></span></p>
<p style="text-align: center;"><span style="font-weight: 400; font-size: 14pt;">na sedežu šole</span></p>
<p style="text-align: center;"><span style="font-weight: 400; font-size: 14pt;">Brežiči, 2, Vrh, Sovodnje ob Soči</span></p>
<p>&nbsp;</p>
<p style="text-align: center;"><span style="color: #ff0000; font-size: 14pt;"><b>Osnovna šola “Peter Butkovič-Domen”</b></span></p>
<p style="text-align: center;"><span style="font-size: 14pt;"><b>PONEDELJEK, 12. DECEMBER 2022, OB 17.30</b></span></p>
<p style="text-align: center;"><span style="font-weight: 400; font-size: 14pt;">na sedežu šole</span></p>
<p style="text-align: center;"><span style="font-weight: 400; font-size: 14pt;">Prvomajska ulica, 69, Sovodnje ob Soči</span></p>
<p>&nbsp;</p>
<p style="text-align: center;"><span style="color: #ff0000; font-size: 14pt;"><b>Osnovna šola “Ljubka Šorli”</b></span></p>
<p style="text-align: center;"><span style="font-size: 14pt;"><b>SREDA, 14. DECEMBER 2022, OB 17.30 </b></span></p>
<p style="text-align: center;"><span style="font-weight: 400; font-size: 14pt;">na sedežu šole</span></p>
<p style="text-align: center;"><span style="font-weight: 400; font-size: 14pt;">ulica Capitello, 8, Romjan, Ronke</span></p>
<h2></h2>
<h2></h2>
<h2></h2>
<p>&nbsp;</p>
<h2 style="text-align: center;"><span style="font-weight: 400; color: #3366ff; font-size: 24pt;">PRVOSTOPENJSKA SREDNJA ŠOLA</span></h2>
<p style="text-align: center;"><span style="font-size: 14pt;"><b>PETEK, 16. DECEMBER 2022, OB 17.30 </b></span></p>
<p style="text-align: center;"><span style="font-weight: 400; font-size: 14pt;">na sedežu šole</span></p>
<p style="text-align: center;"><span style="font-weight: 400; font-size: 14pt;">Trg sv. Martina, 4, Doberdob</span></p>
<p style="text-align: center;"><span style="font-size: 14pt;"><b>ZA DODATNE INFORMACIJE LAHKO POKLIČETE NA ŠTEVILKO 0481 784742</b></span></p>
<p style="text-align: center;">

<p>VPISI V VRTCE IN ŠOLE ZA ŠOLSKO LETO 2023/24  BODO POTEKALI OD 9. DO 30. JANUARJA 2023  &nbsp; &nbsp; ŠOLA PRIREJA  INFORMATIVNE SESTANKE ZA STARŠE &nbsp; Šola prireja informative sestanke za družine otrok, ki bodo v naslednjem [&hellip;]</p>
